mmon factor of 7 and l?
1
Suppose -5*m - z = -11, -3*m + 5 = -2*z + 1. Let p be -8*((-10)/8 + -1). Calculate the greatest common divisor of m and p.
2
Suppose 2*g = 3*k - 29, g = k + 3*g - 15. Let i = 61 - -16. What is the greatest common factor of i and k?
11
Let d(p) = -3*p - 9. Let w be d(-6). Suppose 10 = -2*m + 4*m. Suppose 5*c + 0*c = 2*t - 152, -t + 71 = -m*c. Calculate the highest common factor of t and w.
9
Suppose -3*t = -t - 2*w - 22, -t + 11 = -5*w. Let c be (1*-1)/((-8)/88). Calculate the greatest common factor of c and t.
11
Let f be 9 + 0 - (4 + -5). Suppose 3*r + 0*r = 180. What is the greatest common factor of f and r?
10
Let x be (-18)/15*(-15)/6. What is the highest common divisor of x and 9?
3
Suppose -2*k + 4*q = -10, 0 = -2*k + 2*q - 3*q + 20. Let z be (6/(-4))/(-3)*2. Calculate the highest common divisor of z and k.
1
Let m(p) = p**2 - 1 - 3*p + 0 + 8*p. Let d be m(-6). Let g = 9 - 4. What is the greatest common factor of d and g?
5
Let h be ((-150)/20)/((-2)/12). What is the greatest common factor of 30 and h?
15
Suppose -3 = -z - 2*z. Let m be (-1768)/12 - z/(-3). Let i be m/(-12) + 1/(-4). Calculate the highest common factor of i and 2.
2
Let g be (2/4)/((-2)/(-36)). What is the greatest common factor of g and 1?
1
Suppose w + 6 - 14 = 0. What is the greatest common factor of w and 1?
1
Let x(n) = -5*n - 10. Let g(o) = o - 5. Let q be g(-3). Let s be x(q). Calculate the greatest common divisor of 45 and s.
15
Let p(l) = 3*l - 1. Let r be p(3). Let k = -12 - -6. Let b = 10 + k. What is the greatest common factor of b and r?
4
Let t(j) = 3*j**2 + 4*j + 3. Let s be t(-3). Let g(q) = -41*q - 7. Let d be g(-5). Calculate the greatest common divisor of s and d.
18
Let u = 14 - 4. Suppose -5*k - 125 = -0*f - 3*f, 2*f = k + 81. Calculate the highest common divisor of u and f.
10
Let l(p) = 3*p**2 - 5*p - 3. Let j be l(6). Calculate the highest common factor of j and 50.
25
Suppose i = 5*o - 1, 0*i - 4*i + 3*o + 64 = 0. Let g = i - 9. What is the greatest common divisor of 90 and g?
10
Let b(p) = 6*p - 6. Let y be b(5). Suppose -2*q + 3*q = 4. Suppose q*n = 7 + 5. What is the highest common divisor of n and y?
3
Suppose 0 = 4*o - 0*o - 308. Let v = 24 + -17. Calculate the highest common factor of v and o.
7
Let v(x) = -10*x + 9. Let i(b) = -b. Let d(o) = 5*i(o) - v(o). Let h be d(5). What is the highest common factor of 8 and h?
8
Let b be (11/(-3) - 1)*-3. What is the highest common factor of 21 and b?
7
Let c = 17 + -14. Calculate the greatest common factor of 27 and c.
3
Suppose -44 = 4*o + n, 0 = -4*o - 0*o + 4*n - 24. Let a = o + 15. Let w(z) = -9*z - 6. Let l be w(-4). Calculate the highest common factor of l and a.
5
Let k(y) = 3*y - 13. Let p be k(6). Calculate the greatest common factor of 35 and p.
5
Suppose 0 = 6*t - 3*t + 18. Let y be t/(-2)*(-20)/(-3). What is the greatest common factor of y and 220?
20
Let x be (-7)/2*(-6 - -4). Let d be ((-14)/1)/(2/(-5)). What is the greatest common divisor of d and x?
7
Let y be 2/(-15) + 182/15. Suppose -8 = 2*x - y. Calculate the highest common factor of 3 and x.
1
Let n = -183 - -271. What is the greatest common factor of 8 and n?
8
Suppose 17 = 2*o + c - 6*c, -3*o + 4*c + 43 = 0. Calculate the highest common divisor of 273 and o.
21
Let z be 3 - ((-3 - -4) + -173). Calculate the highest common divisor of z and 25.
25
Suppose 0 = 24*w - 22*w - 224. Calculate the highest common factor of 28 and w.
28
Let g = -8 - -4. Let a = -8 - g. Let o be (2 - 6)*15/a. What is the highest common factor of 10 and o?
5
Let f = 8 + -22. Let l be (-4)/f + 5/7. Suppose -q = -8 + l. What is the highest common divisor of 35 and q?
7
Suppose -27 = 13*g - 14*g. What is the greatest common divisor of g and 18?
9
Suppose -5*p + 8 = -122. Let m = p - 19. Calculate the greatest common factor of m and 35.
7
Suppose -3*m + 6*m - 3 = 0. Let k = 9 + m. Suppose 2*l = 4*l + g - 183, -l - 5*g = -105. Calculate the highest common factor of k and l.
10
Suppose 0 = -5*p - 20, -2*p - 2*p = 4*y - 28. Calculate the greatest common factor of y and 44.
11
Let h = -1 + 23. What is the greatest common divisor of 2 and h?
2
Suppose 6*d - 11 = 3*d + 2*p, 5*d = 2*p + 25. Calculate the highest common factor of 56 and d.
7
Let n(f) = f**3 - 12*f**2 + f. Let p be n(12). Let d(g) = g**3 + 6. Let i be (0 - 0)*(-2 - -1). Let t be d(i). What is the greatest common divisor of t and p?
6
Suppose 7*n - 5*n = 50. Calculate the greatest common divisor of n and 25.
25
Suppose 4*f - 8*f + 360 = 0. What is the greatest common factor of 10 and f?
10
Let c(y) = -7*y - 4. Let u be c(-5). Let k = 63 - u. Suppose 2*b - k = -0*b. What is the greatest common divisor of b and 64?
16
Let t(a) be the second derivative of 3*a**3/2 + a. Suppose -y = -v, -3*y - 2*v + 3 = -2. Let b be t(y). Calculate the greatest common divisor of 6 and b.
3
Let t be (-3)/(-4) + (-189)/(-4). What is the greatest common factor of 32 and t?
16
Let a(g) = g**3 - 19*g**2 + 21*g - 16. Let t be a(18). Calculate the highest common factor of 418 and t.
38
Suppose 0 = -2*d + 6*f - 2*f + 4, f = 5*d - 19. Suppose 0 = x - m + 2*m - 14, 0 = -2*m - 4. Calculate the greatest common factor of x and d.
4
Let w(t) = 3*t**3 + t**2 - t - 3. Let c(r) = -r + 11. Let o be c(8). Let f be w(o). Calculate the greatest common factor of f and 12.
12
Let c be (3 - 2)/(1/5). Suppose 3 = c*s - 2. Let j = -51 - -59. Calculate the highest common factor of s and j.
1
Suppose -3*n + 4*w + 64 = 0, 0*n = -n + 2*w + 22. Let z = -6 - -11. Suppose z*v = 9 + 11. What is the highest common factor of v and n?
4
Suppose -3*r + 2*r + 48 = 0. Suppose 4*g = 6*g - 4. Let h = 8 - g. Calculate the highest common factor of r and h.
6
Suppose 2*c - 48 = -2*n + 24, 5*n + 144 = 4*c. Let r be (23 - 1 - -1) + 1. Calculate the greatest common divisor of r and c.
12
Suppose 4*i - 60 = 2*q, 0*q + q = -2*i + 30. What is the highest common divisor of i and 75?
15
Suppose 2*p + 2*p - 12 = 0. What is the highest common factor of p and 27?
3
Suppose 22 - 78 = -2*n. Calculate the highest common divisor of n and 70.
14
Let k = 6 + -17. Let y be (-3)/(1 - k/(-10)). Calculate the highest common divisor of y and 15.
15
Suppose -5*b - 2*l = -764, -2*b + l + 3*l + 320 = 0. Suppose 25*g - 30*g + 110 = 0. What is the highest common factor of g and b?
22
Suppose -9*p + 72 = -5*p. What is the highest common factor of 126 and p?
18
Suppose 30 = 4*m - 38. What is the highest common factor of m and 153?
17
Let d be 2*((-33)/(-6) + 1). Calculate the highest common factor of 104 and d.
13
Let m(s) = -s**3 - 2*s**2 + 2*s + 1. Let n be m(-3). Suppose -2*w - n*k + 84 = 2*w, 5*k = 5*w - 95. What is the highest common factor of 140 and w?
20
Let t(a) be the second derivative of a**5/20 - 7*a**4/12 - a**3 - a. Let n be t(8). Calculate the highest common divisor of n and 128.
16
Let p be (-229)/(-9)*3 + 1/(-3). What is the highest common divisor of 19 and p?
19
Let i = -22 - -40. Calculate the highest common divisor of i and 6.
6
Let n be -1 + -1 + (11 - -1). Let p be n/(-3)*3/(-2). Suppose -j + 2*s + 6 = -p*j, -4*j + 29 = -5*s. Calculate the highest common divisor of 1 and j.
1
Let z = -4 - -6. Let t(x) = 30*x**2 - 4*x + 3. Let c be t(z). What is the greatest common factor of c and 46?
23
Let p(o) = -4*o**2 - 2*o**2 + 3 - 9 - 6*o + o**3. Let b be p(7). Suppose 5*f - 43 = 7. Calculate the highest common factor of f and b.
1
Let q = 1 - -18. Let f = -11 + q. Let c = 0 + 4. What is the highest common factor of f and c?
4
Let j(n) = 2*n + 10. Let y be j(3). Let b(f) = 15*f**2 - f - 4. Let g be b(3). What is the greatest common factor of y and g?
16
Let x = -52 + 60. What is the highest common divisor of x and 56?
8
Suppose -139 = -d - 73. What is the greatest common factor of 6 and d?
6
Suppose -37 - 63 = -2*b. Suppose -b = -5*c - 5*v, -c = -6*c + 5*v + 60. What is the greatest common divisor of c and 1?
1
Let k be (-6)/(-4) - (-276)/8. Suppose 4*b = -5*j + 236, j + 0*b - k = 2*b. Calculate the highest common factor of 4 and j.
4
Let p = -5 - -18. Let i = p - -17. What is the highest common divisor of i and 6?
6
Suppose 17 = 3*f + 5. Let x = 2 + -1. What is the highest common factor of f and x?
1
Suppose -o = -6*o. Suppose o = -5*f - 11 + 311. What 